Let w(i) = 40*i**2 - 2128*i + 429. What is w(53)?
5
Let u(h) = h**2 + 282*h + 1410. Give u(-5).
25
Let y(q) = 21*q - 61. Calculate y(11).
170
Let b(o) = o**3 - 4*o**2 + 29*o + 13. Calculate b(7).
363
Let p(r) = -285*r - 11680. Determine p(-41).
5
Let p(o) = 543*o + 1053. Calculate p(-2).
-33
Let p(n) = -n**3 - 50*n**2 - 97*n - 65. Determine p(-48).
-17
Let z(b) = b**3 + 8*b**2 + 25*b - 4. Give z(-4).
-40
Let f(k) = 81*k + 11177. Give f(-138).
-1
Let w(a) = -a**3 - 34*a**2 + 18*a + 644. What is w(-34)?
32
Let r(h) = h**2 + 243*h - 959. Calculate r(4).
29
Let o(u) = -7*u**2 + 145*u + 25. Give o(21).
-17
Let k(w) = -2*w**2 + 2*w + 269. Give k(12).
5
Let i(f) = 1617*f - 14561. Determine i(9).
-8
Let u(x) = x**2 - 30*x + 95. What is u(24)?
-49
Let m(s) = -s**2 + 391*s - 1559. Calculate m(4).
-11
Let m(o) = 19*o**2 + 52*o - 25. Calculate m(-3).
-10
Let z(t) = -t**3 + 28*t**2 + 8*t - 946. Determine z(27).
-1
Let p(x) = -2*x**2 - 172*x + 1077. What is p(6)?
-27
Let g(c) = -c**2 - 21*c + 167. Calculate g(10).
-143
Let t(f) = 162*f**2 - 803*f + 15. What is t(6)?
1029
Let s(m) = 28*m**2 - 20*m - 18. Give s(-1).
30
Let s(h) = 2*h - 6. What is s(-4)?
-14
Let p(h) = -h**2 + 36*h - 319. Give p(36).
-319
Let n(y) = 11375*y - 56897. Determine n(5).
-22
Let g(w) = 2*w**3 + 14*w**2 + 9*w - 9. What is g(2)?
81
Let w(r) = 3*r**3 + 57*r**2 - 119*r - 1184. What is w(-20)?
-4
Let p(c) = -302*c - 5760. What is p(-19)?
-22
Let y(n) = -6*n**2 + 136*n + 302. Determine y(25).
-48
Let i(l) = -2*l**2 - 1835*l + 7. Give i(0).
7
Let j(x) = -3*x**2 + 154*x + 3745. What is j(-18)?
1
Let y(g) = -889*g**3 + 9784*g**2 - 53*g - 17. Determine y(11).
5
Let f(i) = -i**2 - 5*i + 67. What is f(-10)?
17
Let y(w) = -10*w**2 + 3*w + 5. Give y(4).
-143
Let m(u) = -48*u + 413. What is m(9)?
-19
Let a(o) = 121*o - 2416. Calculate a(20).
4
Let y(c) = -284*c + 7659. What is y(27)?
-9
Let l(q) = 2*q**3 + 107*q**2 - 264*q + 882. What is l(-56)?
-14
Let c(f) = f**2 - f + 32. Determine c(9).
104
Let s(a) = a**2 + 30*a + 123. Determine s(-25).
-2
Let c(x) = -143*x - 849. Calculate c(-7).
152
Let i(m) = m**2 + 65*m + 1030. What is i(-26)?
16
Let a(n) = 44*n + 815. Determine a(-22).
-153
Let r(s) = 3*s**2 + 109*s - 544. Determine r(-42).
170
Let c(m) = -172*m + 504. Calculate c(3).
-12
Let z(q) = 4*q**3 + 3*q**2 + 16*q - 1. Calculate z(-3).
-130
Let d(x) = 4*x + 54. What is d(10)?
94
Let w(i) = -i**2 + 92*i - 685. Give w(8).
-13
Let r(m) = m**2 - 75*m - 1280. What is r(90)?
70
Let z(p) = -12*p - 137. Determine z(-13).
19
Let m(o) = o**3 + o**2 - 260*o + 212. Give m(-17).
8
Let x(t) = -13*t**2 + 15*t + 8. Determine x(-4).
-260
Let k(q) = q**3 - 4*q**2 - 12*q + 51. Determine k(7).
114
Let n(t) = 4*t**2 - 30*t + 35. Give n(11).
189
Let z(y) = -35*y + 318. What is z(10)?
-32
Let k(g) = 68*g**3 + g**2 - 14*g - 35. Give k(-2).
-547
Let g(w) = -w**2 + 4*w - 1. Give g(14).
-141
Let t(i) = -20*i + 859. Calculate t(43).
-1
Let x(b) = -b**3 + 17*b**2 - 58*b + 20. Give x(14).
-204
Let f(z) = z**3 + 90*z**2 + 75*z - 690. Give f(-89).
556
Let w(n) = n**3 + 36*n**2 - 114*n + 61. Give w(-39).
-56
Let h(o) = -29*o - 40. Give h(-2).
18
Let j(g) = -g**2 - 21*g - 38. Determine j(-8).
66
Let d(l) = 8*l + 57. What is d(-13)?
-47
Let d(h) = -106*h**2 - 2*h + 1. What is d(1)?
-107
Let a(o) = -162*o**2 + 802*o + 7. What is a(5)?
-33
Let p(u) = -1971*u + 70973. Calculate p(36).
17
Let n(m) = 377*m + 993. Give n(-4).
-515
Let v(r) = -3*r**3 + 17*r**2 - 82*r - 5. Give v(6).
-533
Let u(l) = -l**3 - 12*l**2 + 29*l + 19. What is u(-15)?
259
Let l(j) = j**2 - 70*j + 939. Calculate l(17).
38
Let r(j) = -7*j**3 - 17*j**2 - 2*j - 5. What is r(-2)?
-13
Let r(j) = 35*j**2 - 1479*j + 372. Calculate r(42).
-6
Let t(a) = a**3 - 67*a**2 + 57*a + 635. Give t(66).
41
Let w(x) = 44*x + 1075. Determine w(-19).
239
Let d(w) = w**2 - 15*w - 136. Give d(-6).
-10
Let z(x) = x**2 + 6*x - 165. Determine z(-16).
-5
Let k(a) = -a**3 + 31*a**2 - 58*a + 33. Determine k(29).
33
Let s(y) = -70*y**2 - 1124*y - 56. Give s(-16).
8
Let h(o) = o**2 + 51*o + 406. Determine h(-10).
-4
Let y(b) = -113*b + 3685. Calculate y(32).
69
Let x(w) = 730*w - 9504. What is x(13)?
-14
Let y(p) = 46*p**2 - 77*p - 226. What is y(-3)?
419
Let h(t) = 60*t**2 + 128*t + 20. What is h(-2)?
4
Let n(h) = -296*h + 147. Give n(-2).
739
Let t(y) = -5*y**2 + 37*y - 23. Calculate t(7).
-9
Let q(x) = 2*x**2 - 2060*x - 10341. Determine q(-5).
9
Let p(z) = 10*z**2 + 35*z - 96. Determine p(3).
99
Let w(t) = -t**3 + 17*t**2 - 57*t + 5. Calculate w(4).
-15
Let j(a) = 2*a**3 - 86*a**2 + 311*a + 7. Determine j(4).
3
Let t(u) = u**2 + 25*u + 110. Give t(-11).
-44
Let p(z) = -93*z**2 + 1. Determine p(1).
-92
Let b(x) = -x**3 - 3*x**2 - 15*x - 19. Determine b(-6).
179
Let z(a) = 3*a**2 - 79*a - 640. Give z(-9).
314
Let b(c) = 22*c + 812. Determine b(-37).
-2
Let i(l) = l**3 - 7*l**2 + 16*l - 171. Give i(6).
-111
Let h(k) = 475*k - 34167. Give h(72).
33
Let a(n) = -312*n + 1190. What is a(4)?
-58
Let g(r) = -r**3 + 105*r**2 - 65*r - 4050. Give g(104).
6
Let p(x) = 151*x - 25368. Calculate p(168).
0
Let m(s) = s**3 + 139*s**2 - 278*s + 561. Calculate m(-141).
-3
Let v(z) = 2*z**3 - 103*z**2 + 50*z + 65. Determine v(51).
14
Let w(a) = -4*a**2 - 310*a + 129. Determine w(-77).
283
Let i(t) = -9*t**3 - 2*t**2 + 16*t - 30. What is i(2)?
-78
Let i(b) = 55*b + 5622. Calculate i(-102).
12
Let p(x) = -x**3 - 6*x**2 - 7*x - 74. What is p(-7)?
24
Let u(w) = 253*w - 10905. Determine u(43).
-26
Let c(h) = -654*h + 13075. Give c(20).
-5
Let t(h) = -30*h + 122. Determine t(2).
62
Let g(p) = 3*p**3 + 22*p**2 - 7*p + 18. Determine g(-8).
-54
Let p(y) = y**2 + 17*y - 276. Calculate p(-27).
-6
Let q(t) = 559*t + 193. Give q(0).
193
Let z(l) = -3*l**2 - 7*l - 3. What is z(-5)?
-43
Let i(x) = -x**2 + 28*x + 21. Give i(29).
-8
Let w(y) = y**3 + 28*y**2 - 283*y + 187. Determine w(-36).
7
Let y(c) = -29564*c - 147817. What is y(-5)?
3
Let g(o) = -o**3 + 8*o**2 - 6*o + 34. Determine g(8).
-14
Let r(f) = -f**3 - 34*f**2 - 39*f - 2574. Calculate r(-35).
16
Let d(l) = 9*l**2 + 135*l + 4. Calculate d(-15).
4
Let i(l) = -28*l - 1843. Give i(-62).
-107
Let v(f) = 5*f**2 + 433*f + 162. Calculate v(-86).
-96
Let t(s) = s**3 + 557*s**2 + 1671*s + 4991. What is t(-554)?
5
Let q(d) = d**2 + 394*d - 6127. What is q(15)?
8
Let f(g) = 4*g**2 - 38*g - 14. What is f(15)?
316
Let n(l) = 15*l**3 + 46*l**2 - 39*l - 123. Give n(-3).
3
Let o(l) = -l**3 + 3*l**2 - 30*l + 78. Calculate o(3).
-12
Let h(k) = k**3 + 58*k**2 - 192*k - 544. Calculate h(-61).
5
Let h(c) = -82*c - 3781. What is h(-46)?
-9
Let p(v) = v**3 - 14*v**2 + 12*v + 84. Give p(11).
-147
Let u(t) = t**3 + 23*t**2 - 100*t + 84. What is u(-28)?
-1036
Let n(k) = -1349*k**2 + 5395*k - 6. Calculate n(4).
-10
Let g(i) = -i**2 - 5059*i + 203967. What is g(40)?
7
Let z(u) = u**3 + 121*u**2 - 762*u - 9. Determine z(-127).
-9
Let z(c) = -c**3 + 11*c**2 + 5*c - 33. Determine z(4).
99
Let j(y) = y**3 - 6*y**2 - 107*y - 101. Give j(-1).
-1
Let j(y) = -y**2 - 668*y + 13874. What is j(20)?
114
Let u(h) = h**3 + 11*h**2 + 1034*h + 8081. Calculate u(-8).
1
Let f(i) = 36*i**2 - 13*i + 1. Determine f(2).
119
Let b(u) = 3*u**2 + 6*u + 184. Calculate b(-12).
544
Let g(u) = 79*u**2 - 586*u + 585. Determine g(1).
78
Let i(b) = 2*b**2 - 645*b - 64. Calculate i(0).
-64
Let r(h) = -3*h**2 + 798*h - 25996. Calculate r(228).
-4
Let m(c) = -c**3 - 8*c**2 + 3*c + 51. Calculate m(-4).
-25
Let j(m) = 11*m**3 + 98*m**2 - 8*m + 9. What is j(-9)?
0
Let s(y) = -2*y**3 + 17*y**2 - 2*y - 57. Calculate s(8).
-9
Let n(y) = 47*y + 1983. Give n(-42).
9
Let t(q) = 2144*q - 21427. Determine t(10).
13
Let i(h) = 250*h - 1958. Give i(8).
42
Let m(v) = 54*v**3 + 12*v**2 - 35*v + 24. Give m(1).
55
Let l(z) = -2*z**2 + 173*z - 2645. Determine l(66).
61
Let g(m) = 2*m**2 + 54*m + 220. Give g(-7).
-60
Let q(y) = -4*y**2 + 580*y + 1186. Calculate q(147).
10
Let a(i) = -3*i**3 + 62*i**2 + 25*i - 68. What is a(21)?
16
Let k(g) = g**2 - 38*g + 410. What is k(31)?
193
Let b(w) = w**3 + 51*w**2 - 104*w + 88. What is b(-53)?
-18
Let f(m) = 3*m**2 - 4*m - 111. Calculate f(7).
8
Let j(d) = -256*d - 5638. Give j(-22).
-6
Let u(d) = -3*d**2 + 52*d + 321. What is u(-5)?
-14
Let q(l) = l**3 + 68*l**2 + 305*l - 713. Determine q(-63).
-83
Let 